 common divisor of x and 2.
2
Let n = 37 + -25. What is the highest common factor of 12 and n?
12
Let y(x) = -2*x - 20. Let l be y(-14). What is the highest common divisor of l and 64?
8
Let h(z) = 19*z - 1. Let i be h(2). Suppose 2*p - i = 205. Calculate the highest common divisor of 11 and p.
11
Suppose 2*q + 140 = 4*q. Calculate the highest common factor of q and 28.
14
Let z be (-9)/(-3) + -1 + 24. What is the highest common factor of 182 and z?
26
Let y be 6/4 - 1/(-2). Suppose -y*q = -4, 0 = -3*o + 5*q + 75 - 7. Let v be 3/(3/o) - 1. Calculate the greatest common factor of v and 5.
5
Let c = 60 - -5. Calculate the greatest common divisor of 13 and c.
13
Suppose 2650 = 12*m + 490. What is the greatest common factor of 20 and m?
20
Let c = 51 + -29. Calculate the highest common factor of 154 and c.
22
Let v(p) = -p**3 + 2*p + 45. Let g be v(0). What is the greatest common factor of 15 and g?
15
Let f(g) = -g**3 + 2*g**2 - g + 2. Let x be f(2). Suppose -p - p + 14 = x. Calculate the greatest common factor of 21 and p.
7
Let w be -2 + -24*2*-3. Let l be (-6)/15 - w/(-5). Let a be l + -3 - (-2)/(-2). Calculate the highest common divisor of a and 4.
4
Suppose -6 = -2*z - 2. Suppose 0 = 22*c - 19*c - 9. Calculate the highest common divisor of z and c.
1
Suppose 2*i - 21 = -5*n, -2*n = -4*i + 6*i - 12. Let d(j) = -3*j**i - 10 - 5*j**2 + 4 + 4*j**3. Let a be d(6). What is the greatest common factor of 6 and a?
6
Suppose 5*h + 1550 = 5*g, 2*g + h - 1538 = -3*g. Let r(t) = t**2 - 4*t + 5. Let y be r(4). Suppose y*k = k + g. Calculate the highest common divisor of 7 and k.
7
Let c(p) = p + 7. Suppose 2*g = g - 7. Let j be c(g). Suppose j*i + i - 8 = 0. What is the highest common divisor of 64 and i?
8
Suppose -5*f + 9*f = 72. Calculate the greatest common divisor of 45 and f.
9
Suppose 0 = p - 4*h + 7, -13 = -5*p + 5*h - 3. Let n be (0 - 2)*p/(-2). Suppose -4*d + 12 = -28. What is the greatest common factor of n and d?
5
Suppose 95 = 4*z - 17. What is the greatest common factor of 14 and z?
14
Let s = -49 + 57. What is the greatest common factor of s and 88?
8
Suppose -4*k = 4*u - 96, 3*k - u + 3*u - 76 = 0. Let h = k + 105. Let y(p) = -20*p**3 + p. Let g be y(-1). Calculate the highest common divisor of h and g.
19
Let k(z) = 48*z - 18. Let f be k(9). What is the highest common divisor of f and 46?
46
Suppose 3*v - 5*b - 38 = 0, 2*v - 3*b = -5*b + 52. What is the greatest common divisor of v and 2?
1
Suppose -2*t = -14*t + 708. Calculate the highest common factor of 649 and t.
59
Let w be (-3 + 21)*(-4)/(-6). Suppose -4*j + w = 0, -2*k - 3 = -2*j + 1. Let q be 4/2 + 0 + k. Calculate the highest common factor of q and 33.
3
Suppose 4*z - 28 = 4. Calculate the greatest common factor of z and 24.
8
Let a be 170/8 + 9/(-36). Calculate the greatest common divisor of a and 7.
7
Suppose 0 = 3*u - u. Suppose u*w = 4*w - 72. Calculate the greatest common factor of 2 and w.
2
Let s be (1 + -5)/(2/(-55)). Calculate the greatest common divisor of 10 and s.
10
Let n be 48 - -5 - (2 + -1). Let u(l) = 16*l**2 - l + 1. Let r be u(1). Suppose 3*y + r = n. Calculate the highest common divisor of 30 and y.
6
Suppose -2*r + 5 = 9. Let s be 2 + (-2)/(r - -1). What is the greatest common factor of 2 and s?
2
Let f be (-10)/(3 - 15/3). Calculate the greatest common divisor of 45 and f.
5
Let r(y) = -y**3 - 5*y**2 + 5*y. Let t be -8 - (0/(-1) + -2). Let o be r(t). What is the greatest common factor of o and 48?
6
Let r = -50 - -70. What is the greatest common divisor of r and 5?
5
Let a(t) be the first derivative of -67*t**3/3 - 2. Let y be a(1). Let v = -22 - y. What is the highest common factor of v and 5?
5
Let c be 22/15*6*(-1 + 11). Suppose -5*m + 28 + 12 = 0. What is the greatest common divisor of c and m?
8
Let c = -67 + 124. What is the greatest common divisor of 38 and c?
19
Let u(v) = v**3 + 10*v**2 - 9*v + 23. Let l be u(-11). Let t(d) = -9*d + 1. Let s be t(-1). Calculate the highest common factor of l and s.
1
Let w = -63 - -86. Calculate the highest common factor of w and 161.
23
Let q(a) = 7*a + 7. Let w be q(6). Calculate the highest common divisor of w and 14.
7
Let u be 9 - -1*(-1 - -3). Let v(f) = -f**3 - 6*f**2 - 6*f + 6. Suppose -5*y = -4 + 29. Let m be v(y). Calculate the highest common factor of m and u.
11
Let q = 12 + -10. Let l be 28 + -6*q/3. Calculate the highest common divisor of 3 and l.
3
Let a be (-3 - -4) + 0 - 8. Let y(h) = -2*h - 5. Let p be y(a). What is the highest common divisor of 6 and p?
3
Suppose -3 = l - 24. Let z = l + 1. Calculate the greatest common factor of 22 and z.
22
Suppose 4*a - 247 + 3 = -5*m, -342 = -5*a + 3*m. What is the greatest common divisor of a and 6?
6
Suppose -5*a = -10 - 10. Suppose -2*r - a*u + 26 = -16, -5*u = 2*r - 47. Calculate the highest common factor of r and 77.
11
Suppose 0 = -2*n + 4*u - 26, 3*n - u + 0*u = -14. Let y be (-16)/n*21/4. Calculate the greatest common factor of 308 and y.
28
Let o = -16 - -34. Let c be -96*(-3)/o*4. What is the highest common factor of c and 8?
8
Suppose 0 = -0*b + 4*b - 5*y - 191, 6 = -2*y. Let o = b - 23. Calculate the highest common divisor of o and 7.
7
Let c = -105 + 137. What is the greatest common divisor of 288 and c?
32
Let z = 177 + -47. Calculate the greatest common divisor of 26 and z.
26
Suppose 6*g - 36 = 2*g. Calculate the highest common divisor of g and 9.
9
Let i = -679 + 954. What is the greatest common divisor of i and 25?
25
Let y(j) = j**3 + 9*j**2 + 7*j - 4. Let g be y(-7). Let n be (-148)/(-5) + 4/10. Calculate the highest common divisor of g and n.
15
Suppose -2*n = -2*i - 64, 5*n - 4*i = -0*n + 156. Suppose b = -5*c + 9, -5*b - 5*c = 12 - 37. Calculate the greatest common factor of b and n.
4
Let l = 53 + -5. Calculate the greatest common factor of l and 6.
6
Suppose 4*h - 19 = -7. Suppose 8 = h*k + k. Suppose 0*w + 8 = w + 2*a, 4*w = -k*a + 32. Calculate the highest common factor of w and 88.
8
Suppose 2*g + 0*k - 9 = -k, 2*g + 4*k = 24. Let i = -2 - -8. Let n be ((-8)/(-6))/(g/i). What is the highest common divisor of 28 and n?
4
Let p = -76 + 132. What is the greatest common factor of 7 and p?
7
Suppose -29*k = -36*k + 630. What is the greatest common divisor of k and 36?
18
Suppose 5*u - 365 = 295. Let i(j) = j**3 + 10*j**2 - 11*j + 12. Let r be i(-11). What is the greatest common factor of r and u?
12
Let v = 68 + -46. Suppose -13 = -5*b + 2. Suppose a = 4*m - 47, -5*m - b*a + 58 - 12 = 0. What is the highest common divisor of m and v?
11
Let t(p) be the first derivative of 7*p**3/3 - 2*p**2 - 6*p - 2. Let n be t(-5). What is the highest common divisor of 21 and n?
21
Let x be (12/(-20))/(2/(-10)). Let w = x + 2. Calculate the highest common factor of 55 and w.
5
Let g(d) = 3*d**3 - 3*d**2 + 2*d. Suppose -a + 4 = n, -7 = -4*a + 1. Let f be g(n). Calculate the greatest common factor of f and 64.
16
Suppose 0 = -2*z - 8, 5*z - 9*z - 2 = 2*s. Suppose -3*g + b = -231, -6*g + 2*g = -3*b - 308. Calculate the highest common factor of s and g.
7
Let w be 10 - (-3 + 2)*2. Let g be (-2)/(-6) + (-395)/(-3). Calculate the highest common factor of g and w.
12
Suppose 110 = 9*f - 4*f. Let v(x) = x**2 - 3*x - 2. Let t be v(5). Let z = -6 + t. What is the greatest common divisor of f and z?
2
Suppose 4*n + n - 30 = 0. Let q be (0 + 1)/(1/5). Suppose -13 - q = -2*w. What is the highest common factor of n and w?
3
Suppose 0 = -2*s + z - 0*z + 21, 12 = 2*s + 2*z. Calculate the greatest common divisor of s and 3.
3
Let t(g) = g**3 + 8*g**2 + g - 22. Let x be t(-6). What is the highest common factor of 110 and x?
22
Suppose -2*w = -0 + 4. Let h be (w/(-4))/(4/48). Suppose s - h = -s. What is the highest common factor of 1 and s?
1
Suppose 0*m + 6 = -q + 2*m, q + 9 = 3*m. Suppose 2*c - 62 = 2*k + 2*k, q = -4*c - k + 106. Calculate the greatest common factor of 9 and c.
9
Suppose a - 4*d - 7 = 0, -2*a + 12 = 3*d - 2. What is the greatest common factor of a and 2?
1
Let z = -34 - -38. What is the greatest common factor of 10 and z?
2
Let w be -46*1 + (-2)/1. Let q = 1 - w. Suppose 2*y + 14 = 4*y. What is the greatest common divisor of y and q?
7
Let d(j) be the second derivative of j**4/12 - j**2/2 - 4*j. Suppose 5*s + 20 = -0*s. Let l be d(s). Calculate the